CRAN Package Check Results for Package Replication

Last updated on 2021-12-04 07:50:31 CET.

Flavor Version Tinstall Tcheck Ttotal Status Flags
r-devel-linux-x86_64-debian-clang 0.1.2 13.97 206.66 220.63 NOTE
r-devel-linux-x86_64-debian-gcc 0.1.2 16.35 155.68 172.03 NOTE
r-devel-linux-x86_64-fedora-clang 0.1.2 290.30 NOTE
r-devel-linux-x86_64-fedora-gcc 0.1.2 260.64 NOTE
r-devel-windows-x86_64-new-UL 0.1.2 19.00 294.00 313.00 NOTE
r-devel-windows-x86_64-new-TK 0.1.2 NOTE
r-devel-windows-x86_64-old 0.1.2 34.00 212.00 246.00 NOTE
r-patched-linux-x86_64 0.1.2 27.48 181.74 209.22 NOTE
r-release-linux-x86_64 0.1.2 20.98 184.58 205.56 NOTE
r-release-macos-arm64 0.1.2 NOTE
r-release-macos-x86_64 0.1.2 NOTE
r-release-windows-ix86+x86_64 0.1.2 61.00 234.00 295.00 NOTE
r-oldrel-macos-x86_64 0.1.2 OK
r-oldrel-windows-ix86+x86_64 0.1.2 5.00 6.00 11.00 ERROR

Check Details

Version: 0.1.2
Check: LazyData
Result: NOTE
     'LazyData' is specified without a 'data' directory
Flavors: r-devel-linux-x86_64-debian-clang, r-devel-linux-x86_64-debian-gcc, r-devel-linux-x86_64-fedora-clang, r-devel-linux-x86_64-fedora-gcc, r-devel-windows-x86_64-new-UL, r-devel-windows-x86_64-new-TK, r-devel-windows-x86_64-old, r-patched-linux-x86_64, r-release-linux-x86_64, r-release-macos-arm64, r-release-macos-x86_64, r-release-windows-ix86+x86_64

Version: 0.1.2
Check: whether package can be installed
Result: ERROR
    Installation failed.
Flavor: r-oldrel-windows-ix86+x86_64