CRAN Package Check Results for Package Rediscover

Last updated on 2021-09-24 20:48:57 CEST.

Flavor Version Tinstall Tcheck Ttotal Status Flags
r-devel-linux-x86_64-debian-clang 0.2.0 15.28 162.26 177.54 OK
r-devel-linux-x86_64-debian-gcc 0.2.0 10.47 122.53 133.00 OK
r-devel-linux-x86_64-fedora-clang 0.2.0 222.42 OK
r-devel-linux-x86_64-fedora-gcc 0.2.0 212.64 OK
r-devel-windows-x86_64 0.2.0 14.00 159.00 173.00 OK
r-devel-windows-x86_64-gcc10-UCRT 0.2.0 OK
r-patched-linux-x86_64 0.2.0 12.81 156.39 169.20 OK
r-patched-solaris-x86 0.2.0 196.00 OK
r-release-linux-x86_64 0.2.0 13.30 155.54 168.84 OK
r-release-macos-arm64 0.2.0 OK
r-release-macos-x86_64 0.2.0 ERROR
r-release-windows-ix86+x86_64 0.2.0 29.00 202.00 231.00 OK
r-oldrel-macos-x86_64 0.2.0 ERROR
r-oldrel-windows-ix86+x86_64 0.2.0 18.00 162.00 180.00 OK

Check Details

Version: 0.2.0
Check: package dependencies
Result: ERROR
    Package required but not available: ‘maftools’
    
    Package suggested but not available for checking: ‘TCGAbiolinks’
    
    See section ‘The DESCRIPTION file’ in the ‘Writing R Extensions’
    manual.
Flavors: r-release-macos-x86_64, r-oldrel-macos-x86_64