CRAN Package Check Results for Package RecordTest

Last updated on 2021-09-21 20:51:22 CEST.

Flavor Version Tinstall Tcheck Ttotal Status Flags
r-devel-linux-x86_64-debian-clang 2.1.0 9.66 173.58 183.24 OK
r-devel-linux-x86_64-debian-gcc 2.1.0 6.89 124.77 131.66 OK
r-devel-linux-x86_64-fedora-clang 2.1.0 214.42 OK
r-devel-linux-x86_64-fedora-gcc 2.1.0 204.33 OK
r-devel-windows-x86_64 2.1.0 11.00 160.00 171.00 OK
r-devel-windows-x86_64-gcc10-UCRT 2.1.0 ERROR
r-patched-linux-x86_64 2.1.0 6.01 160.98 166.99 OK
r-patched-solaris-x86 2.1.0 164.40 OK
r-release-linux-x86_64 2.1.0 7.18 161.51 168.69 OK
r-release-macos-arm64 2.1.0 OK
r-release-macos-x86_64 2.1.0 OK
r-release-windows-ix86+x86_64 2.1.0 18.00 202.00 220.00 OK
r-oldrel-macos-x86_64 2.1.0 OK
r-oldrel-windows-ix86+x86_64 2.1.0 18.00 211.00 229.00 OK

Check Details

Version: 2.1.0
Check: whether package can be installed
Result: WARN
    Found the following significant warnings:
     WARNING: installation-time patches will not be applied, could not get the patches index
Flavor: r-devel-windows-x86_64-gcc10-UCRT

Version: 2.1.0
Check: PDF version of manual
Result: WARN
    LaTeX errors when creating PDF version.
    This typically indicates Rd problems.
Flavor: r-devel-windows-x86_64-gcc10-UCRT

Version: 2.1.0
Check: PDF version of manual without hyperrefs or index
Result: ERROR
    Re-running with no redirection of stdout/stderr.
Flavor: r-devel-windows-x86_64-gcc10-UCRT