CRAN Package Check Results for Package RecordLinkage

Last updated on 2021-10-26 20:51:05 CEST.

Flavor Version Tinstall Tcheck Ttotal Status Flags
r-devel-linux-x86_64-debian-clang 0.4-12.1 19.75 173.36 193.11 OK
r-devel-linux-x86_64-debian-gcc 0.4-12.1 15.85 126.74 142.59 OK
r-devel-linux-x86_64-fedora-clang 0.4-12.1 242.49 OK
r-devel-linux-x86_64-fedora-gcc 0.4-12.1 227.98 OK
r-devel-windows-x86_64 0.4-12.1 34.00 254.00 288.00 WARN
r-devel-windows-x86_64-gcc10-UCRT 0.4-12.1 WARN
r-patched-linux-x86_64 0.4-12.1 22.96 176.85 199.81 OK
r-patched-solaris-x86 0.4-12.1 385.70 OK
r-release-linux-x86_64 0.4-12.1 17.60 176.22 193.82 OK
r-release-macos-arm64 0.4-12.1 OK
r-release-macos-x86_64 0.4-12.1 OK
r-release-windows-ix86+x86_64 0.4-12.1 32.00 317.00 349.00 OK
r-oldrel-macos-x86_64 0.4-12.1 OK
r-oldrel-windows-ix86+x86_64 0.4-12.1 46.00 326.00 372.00 OK

Check Details

Version: 0.4-12.1
Check: whether package can be installed
Result: WARN
    Found the following significant warnings:
     Warning: 'memory.limit()' is no longer supported
Flavors: r-devel-windows-x86_64, r-devel-windows-x86_64-gcc10-UCRT