CRAN Package Check Results for Package RcppThread

Last updated on 2021-09-18 20:52:05 CEST.

Flavor Version Tinstall Tcheck Ttotal Status Flags
r-devel-linux-x86_64-debian-clang 1.0.0 1.72 51.02 52.74 NOTE
r-devel-linux-x86_64-debian-gcc 1.0.0 1.40 36.36 37.76 NOTE
r-devel-linux-x86_64-fedora-clang 1.0.0 77.19 NOTE
r-devel-linux-x86_64-fedora-gcc 1.0.0 65.45 NOTE
r-devel-windows-x86_64 1.0.0 3.00 64.00 67.00 NOTE
r-devel-windows-x86_64-gcc10-UCRT 1.0.0 NOTE
r-patched-linux-x86_64 1.0.0 1.76 46.35 48.11 NOTE
r-patched-solaris-x86 1.0.0 79.50 NOTE
r-release-linux-x86_64 1.0.0 1.58 45.97 47.55 NOTE
r-release-macos-arm64 1.0.0 NOTE
r-release-macos-x86_64 1.0.0 NOTE
r-release-windows-ix86+x86_64 1.0.0 5.00 67.00 72.00 NOTE
r-oldrel-macos-x86_64 1.0.0 OK
r-oldrel-windows-ix86+x86_64 1.0.0 5.00 52.00 57.00 OK

Check Details

Version: 1.0.0
Check: LazyData
Result: NOTE
     'LazyData' is specified without a 'data' directory
Flavors: r-devel-linux-x86_64-debian-clang, r-devel-linux-x86_64-debian-gcc, r-devel-linux-x86_64-fedora-clang, r-devel-linux-x86_64-fedora-gcc, r-devel-windows-x86_64, r-devel-windows-x86_64-gcc10-UCRT, r-patched-linux-x86_64, r-patched-solaris-x86, r-release-linux-x86_64, r-release-macos-arm64, r-release-macos-x86_64, r-release-windows-ix86+x86_64