CRAN Package Check Results for Package RcppSimdJson

Last updated on 2021-09-24 20:48:57 CEST.

Flavor Version Tinstall Tcheck Ttotal Status Flags
r-devel-linux-x86_64-debian-clang 0.1.6 128.59 45.80 174.39 OK
r-devel-linux-x86_64-debian-gcc 0.1.6 93.97 42.52 136.49 OK
r-devel-linux-x86_64-fedora-clang 0.1.6 262.24 NOTE
r-devel-linux-x86_64-fedora-gcc 0.1.6 239.51 OK
r-devel-windows-x86_64 0.1.6 107.00 67.00 174.00 NOTE
r-devel-windows-x86_64-gcc10-UCRT 0.1.6 OK
r-patched-linux-x86_64 0.1.6 104.90 44.69 149.59 OK
r-release-linux-x86_64 0.1.6 107.60 44.72 152.32 OK
r-release-macos-arm64 0.1.6 NOTE
r-release-macos-x86_64 0.1.6 NOTE
r-release-windows-ix86+x86_64 0.1.6 263.00 135.00 398.00 NOTE
r-oldrel-macos-x86_64 0.1.6 NOTE
r-oldrel-windows-ix86+x86_64 0.1.6 218.00 105.00 323.00 NOTE

Check Details

Version: 0.1.6
Check: installed package size
Result: NOTE
     installed size is 16.7Mb
     sub-directories of 1Mb or more:
     include 1.5Mb
     jsonexamples 3.8Mb
     libs 11.0Mb
Flavors: r-devel-linux-x86_64-fedora-clang, r-devel-windows-x86_64, r-release-macos-arm64, r-release-macos-x86_64, r-release-windows-ix86+x86_64, r-oldrel-macos-x86_64, r-oldrel-windows-ix86+x86_64