CRAN Package Check Results for Package RcppBDT

Last updated on 2021-10-26 08:10:14 CEST.

Flavor Version Tinstall Tcheck Ttotal Status Flags
r-devel-linux-x86_64-debian-clang 0.2.4 101.16 77.64 178.80 OK
r-devel-linux-x86_64-debian-gcc 0.2.4 84.93 56.71 141.64 OK
r-devel-linux-x86_64-fedora-clang 0.2.4 276.89 NOTE
r-devel-linux-x86_64-fedora-gcc 0.2.4 260.30 OK
r-devel-windows-x86_64 0.2.4 142.00 92.00 234.00 OK
r-devel-windows-x86_64-gcc10-UCRT 0.2.4 OK
r-patched-linux-x86_64 0.2.4 104.07 75.60 179.67 OK
r-patched-solaris-x86 0.2.4 252.70 OK
r-release-linux-x86_64 0.2.4 99.35 75.30 174.65 OK
r-release-macos-arm64 0.2.4 NOTE
r-release-macos-x86_64 0.2.4 NOTE
r-release-windows-ix86+x86_64 0.2.4 222.00 165.00 387.00 OK
r-oldrel-macos-x86_64 0.2.4 NOTE
r-oldrel-windows-ix86+x86_64 0.2.4 299.00 157.00 456.00 OK

Additional issues

LTO

Check Details

Version: 0.2.4
Check: installed package size
Result: NOTE
     installed size is 8.4Mb
     sub-directories of 1Mb or more:
     libs 8.1Mb
Flavors: r-devel-linux-x86_64-fedora-clang, r-release-macos-arm64, r-release-macos-x86_64, r-oldrel-macos-x86_64