CRAN Package Check Results for Package RcppArmadillo

Last updated on 2020-08-04 21:48:24 CEST.

Flavor Version Tinstall Tcheck Ttotal Status Flags
r-devel-linux-x86_64-debian-clang 0.9.900.2.0 51.33 43.15 94.48 OK
r-devel-linux-x86_64-debian-gcc 0.9.900.2.0 36.16 33.61 69.77 OK
r-devel-linux-x86_64-fedora-clang 0.9.900.2.0 127.60 NOTE
r-devel-linux-x86_64-fedora-gcc 0.9.900.2.0 114.24 OK
r-devel-windows-ix86+x86_64 0.9.900.2.0 137.00 436.00 573.00 NOTE
r-patched-linux-x86_64 0.9.900.2.0 37.96 42.40 80.36 OK
r-patched-solaris-x86 0.9.900.2.0 270.30 NOTE
r-release-linux-x86_64 0.9.900.2.0 36.70 42.57 79.27 OK
r-release-macos-x86_64 0.9.900.2.0 NOTE
r-release-windows-ix86+x86_64 0.9.900.2.0 123.00 586.00 709.00 NOTE
r-oldrel-macos-x86_64 0.9.900.2.0 NOTE
r-oldrel-windows-ix86+x86_64 0.9.900.2.0 86.00 502.00 588.00 NOTE

Check Details

Version: 0.9.900.2.0
Check: installed package size
Result: NOTE
     installed size is 9.1Mb
     sub-directories of 1Mb or more:
     include 6.1Mb
     libs 1.9Mb
Flavors: r-devel-linux-x86_64-fedora-clang, r-devel-windows-ix86+x86_64, r-patched-solaris-x86, r-release-macos-x86_64, r-release-windows-ix86+x86_64, r-oldrel-macos-x86_64, r-oldrel-windows-ix86+x86_64