CRAN Package Check Results for Package RcppArmadillo

Last updated on 2019-11-21 08:49:54 CET.

Flavor Version Tinstall Tcheck Ttotal Status Flags
r-devel-linux-x86_64-debian-clang 0.9.800.1.0 47.21 54.95 102.16 OK
r-devel-linux-x86_64-debian-gcc 0.9.800.1.0 32.60 45.51 78.11 OK
r-devel-linux-x86_64-fedora-clang 0.9.800.1.0 133.75 NOTE
r-devel-linux-x86_64-fedora-gcc 0.9.800.1.0 131.04 OK
r-devel-windows-ix86+x86_64 0.9.800.1.0 130.00 586.00 716.00 NOTE
r-devel-windows-ix86+x86_64-gcc8 0.9.800.1.0 127.00 451.00 578.00 NOTE
r-patched-linux-x86_64 0.9.800.1.0 33.19 54.00 87.19 OK
r-patched-solaris-x86 0.9.800.1.0 318.60 NOTE
r-release-linux-x86_64 0.9.800.1.0 34.73 54.09 88.82 OK
r-release-windows-ix86+x86_64 0.9.800.1.0 97.00 615.00 712.00 NOTE
r-release-osx-x86_64 0.9.800.1.0 NOTE
r-oldrel-windows-ix86+x86_64 0.9.800.1.0 129.00 407.00 536.00 NOTE
r-oldrel-osx-x86_64 0.9.800.1.0 NOTE

Check Details

Version: 0.9.800.1.0
Check: installed package size
Result: NOTE
     installed size is 8.6Mb
     sub-directories of 1Mb or more:
     include 5.9Mb
     libs 1.6Mb
Flavors: r-devel-linux-x86_64-fedora-clang, r-devel-windows-ix86+x86_64, r-devel-windows-ix86+x86_64-gcc8, r-patched-solaris-x86, r-release-windows-ix86+x86_64, r-release-osx-x86_64, r-oldrel-windows-ix86+x86_64, r-oldrel-osx-x86_64