CRAN Package Check Results for Package RcmdrPlugin.PcaRobust

Last updated on 2022-01-20 07:53:07 CET.

Flavor Version Tinstall Tcheck Ttotal Status Flags
r-devel-linux-x86_64-debian-clang 1.1.4 NOTE
r-devel-linux-x86_64-debian-gcc 1.1.4 15.59 103.84 119.43 NOTE
r-devel-linux-x86_64-fedora-clang 1.1.4 194.03 NOTE
r-devel-linux-x86_64-fedora-gcc 1.1.4 178.96 NOTE
r-devel-windows-x86_64-new-UL 1.1.4 93.00 167.00 260.00 NOTE
r-devel-windows-x86_64-new-TK 1.1.4 NOTE
r-patched-linux-x86_64 1.1.4 16.61 130.33 146.94 NOTE
r-release-linux-x86_64 1.1.4 15.68 130.68 146.36 NOTE
r-release-macos-arm64 1.1.4 NOTE
r-release-macos-x86_64 1.1.4 NOTE
r-release-windows-ix86+x86_64 1.1.4 32.00 147.00 179.00 NOTE
r-oldrel-macos-x86_64 1.1.4 OK
r-oldrel-windows-ix86+x86_64 1.1.4 38.00 149.00 187.00 OK

Check Details

Version: 1.1.4
Check: LazyData
Result: NOTE
     'LazyData' is specified without a 'data' directory
Flavors: r-devel-linux-x86_64-debian-clang, r-devel-linux-x86_64-debian-gcc, r-devel-linux-x86_64-fedora-clang, r-devel-linux-x86_64-fedora-gcc, r-devel-windows-x86_64-new-UL, r-devel-windows-x86_64-new-TK, r-patched-linux-x86_64, r-release-linux-x86_64, r-release-macos-arm64, r-release-macos-x86_64, r-release-windows-ix86+x86_64