CRAN Package Check Results for Package RcmdrPlugin.IPSUR

Last updated on 2020-11-28 19:47:10 CET.

Flavor Version Tinstall Tcheck Ttotal Status Flags
r-devel-linux-x86_64-debian-clang 0.2-1.1 30.68 159.48 190.16 NOTE
r-devel-linux-x86_64-debian-gcc 0.2-1.1 26.24 121.10 147.34 NOTE
r-devel-linux-x86_64-fedora-clang 0.2-1.1 252.51 NOTE
r-devel-linux-x86_64-fedora-gcc 0.2-1.1 266.41 NOTE
r-devel-windows-ix86+x86_64 0.2-1.1 47.00 148.00 195.00 NOTE
r-patched-linux-x86_64 0.2-1.1 20.74 146.99 167.73 NOTE
r-patched-solaris-x86 0.2-1.1 370.00 NOTE
r-release-linux-x86_64 0.2-1.1 30.13 146.78 176.91 NOTE
r-release-macos-x86_64 0.2-1.1 NOTE
r-release-windows-ix86+x86_64 0.2-1.1 34.00 126.00 160.00 NOTE
r-oldrel-macos-x86_64 0.2-1.1 NOTE
r-oldrel-windows-ix86+x86_64 0.2-1.1 35.00 148.00 183.00 NOTE

Check Details

Version: 0.2-1.1
Check: dependencies in R code
Result: NOTE
    'library' or 'require' calls in package code:
     'abind' 'e1071' 'qcc'
     Please use :: or requireNamespace() instead.
     See section 'Suggested packages' in the 'Writing R Extensions' manual.
Flavors: r-devel-linux-x86_64-debian-clang, r-devel-linux-x86_64-debian-gcc, r-devel-linux-x86_64-fedora-clang, r-devel-linux-x86_64-fedora-gcc, r-devel-windows-ix86+x86_64, r-patched-linux-x86_64, r-patched-solaris-x86, r-release-linux-x86_64, r-release-macos-x86_64, r-release-windows-ix86+x86_64, r-oldrel-macos-x86_64, r-oldrel-windows-ix86+x86_64