CRAN Package Check Results for Package RclusTool

Last updated on 2024-03-03 19:56:32 CET.

Flavor Version Tinstall Tcheck Ttotal Status Flags
r-devel-linux-x86_64-debian-clang 0.91.5 30.77 208.63 239.40 WARN
r-devel-linux-x86_64-debian-gcc 0.91.6 22.14 156.64 178.78 OK
r-devel-linux-x86_64-fedora-clang 0.91.6 301.29 NOTE
r-devel-linux-x86_64-fedora-gcc 0.91.6 322.30 OK
r-devel-windows-x86_64 0.91.6 21.00 161.00 182.00 OK
r-patched-linux-x86_64 0.91.6 23.45 179.42 202.87 OK
r-release-linux-x86_64 0.91.6 19.46 184.02 203.48 OK
r-release-macos-arm64 0.91.5 85.00 OK
r-release-macos-x86_64 0.91.6 104.00 OK
r-release-windows-x86_64 0.91.6 21.00 208.00 229.00 OK
r-oldrel-macos-arm64 0.91.5 69.00 OK
r-oldrel-windows-x86_64 0.91.6 28.00 176.00 204.00 OK

Check Details

Version: 0.91.5
Check: whether package can be installed
Result: WARN Found the following significant warnings: Warning: replacing previous import ‘mclust::softmax’ by ‘mda::softmax’ when loading ‘RclusTool’ Flavor: r-devel-linux-x86_64-debian-clang

Version: 0.91.5
Check: Rd \usage sections
Result: NOTE Documented arguments not in \usage in Rd file 'makeTitle.Rd': ‘string:’ ‘length:’ ‘prefix.length:’ ‘char:’ Documented arguments not in \usage in Rd file 'messageConsole.Rd': ‘message:’ Documented arguments not in \usage in Rd file 'tkEmptyLine.Rd': ‘tk.object:’ ‘row:’ Functions with \usage entries need to have the appropriate \alias entries, and all their arguments documented. The \usage entries must correspond to syntactically valid R code. See chapter ‘Writing R documentation files’ in the ‘Writing R Extensions’ manual. Flavor: r-devel-linux-x86_64-debian-clang

Version: 0.91.6
Check: package dependencies
Result: NOTE Imports includes 23 non-default packages. Importing from so many packages makes the package vulnerable to any of them becoming unavailable. Move as many as possible to Suggests and use conditionally. Flavor: r-devel-linux-x86_64-fedora-clang