CRAN Package Check Results for Package Rborist

Last updated on 2021-12-01 19:51:46 CET.

Flavor Version Tinstall Tcheck Ttotal Status Flags
r-devel-linux-x86_64-debian-clang 0.2-3 191.28 35.61 226.89 OK
r-devel-linux-x86_64-debian-gcc 0.2-3 128.05 27.77 155.82 OK
r-devel-linux-x86_64-fedora-clang 0.2-3 370.76 NOTE
r-devel-linux-x86_64-fedora-gcc 0.2-3 290.12 OK
r-devel-windows-x86_64-new-UL 0.2-3 243.00 116.00 359.00 OK
r-devel-windows-x86_64-new-TK 0.2-3 OK
r-devel-windows-x86_64-old 0.2-3 225.00 55.00 280.00 OK
r-patched-linux-x86_64 0.2-3 164.45 33.57 198.02 OK
r-patched-solaris-x86 0.2-3 272.30 OK
r-release-linux-x86_64 0.2-3 164.55 33.94 198.49 OK
r-release-macos-arm64 0.2-3 NOTE
r-release-macos-x86_64 0.2-3 NOTE
r-release-windows-ix86+x86_64 0.2-3 448.00 109.00 557.00 OK
r-oldrel-macos-x86_64 0.2-3 NOTE
r-oldrel-windows-ix86+x86_64 0.2-3 337.00 78.00 415.00 OK

Check Details

Version: 0.2-3
Check: installed package size
Result: NOTE
     installed size is 9.3Mb
     sub-directories of 1Mb or more:
     libs 9.0Mb
Flavors: r-devel-linux-x86_64-fedora-clang, r-release-macos-arm64, r-release-macos-x86_64, r-oldrel-macos-x86_64