CRAN Package Check Results for Package RationalExp

Last updated on 2022-05-18 09:54:11 CEST.

Flavor Version Tinstall Tcheck Ttotal Status Flags
r-devel-linux-x86_64-debian-clang 0.2.2 2.55 43.28 45.83 NOTE
r-devel-linux-x86_64-debian-gcc 0.2.2 1.95 33.99 35.94 NOTE
r-devel-linux-x86_64-fedora-clang 0.2.2 58.85 NOTE
r-devel-linux-x86_64-fedora-gcc 0.2.2 58.17 NOTE
r-devel-windows-x86_64 0.2.2 23.00 87.00 110.00 NOTE
r-patched-linux-x86_64 0.2.2 3.12 42.07 45.19 NOTE
r-release-linux-x86_64 0.2.2 2.46 42.66 45.12 NOTE
r-release-macos-arm64 0.2.2 24.00 NOTE
r-release-macos-x86_64 0.2.2 27.00 NOTE
r-release-windows-x86_64 0.2.2 21.00 86.00 107.00 NOTE
r-oldrel-macos-arm64 0.2.2 29.00 NOTE
r-oldrel-macos-x86_64 0.2.2 37.00 NOTE
r-oldrel-windows-ix86+x86_64 0.2.2 8.00 69.00 77.00 NOTE

Check Details

Version: 0.2.2
Check: LazyData
Result: NOTE
     'LazyData' is specified without a 'data' directory
Flavors: r-devel-linux-x86_64-debian-clang, r-devel-linux-x86_64-debian-gcc, r-devel-linux-x86_64-fedora-clang, r-devel-linux-x86_64-fedora-gcc, r-devel-windows-x86_64, r-patched-linux-x86_64, r-release-linux-x86_64, r-release-macos-arm64, r-release-macos-x86_64, r-release-windows-x86_64, r-oldrel-macos-arm64, r-oldrel-macos-x86_64, r-oldrel-windows-ix86+x86_64