CRAN Package Check Results for Package Randomuseragent

Last updated on 2021-09-21 20:51:21 CEST.

Flavor Version Tinstall Tcheck Ttotal Status Flags
r-devel-linux-x86_64-debian-clang 0.0.1 2.22 22.92 25.14 OK
r-devel-linux-x86_64-debian-gcc 0.0.1 1.70 18.64 20.34 OK
r-devel-linux-x86_64-fedora-clang 0.0.1 40.18 OK
r-devel-linux-x86_64-fedora-gcc 0.0.1 29.39 OK
r-devel-windows-x86_64 0.0.1 4.00 30.00 34.00 OK
r-devel-windows-x86_64-gcc10-UCRT 0.0.1 ERROR
r-patched-linux-x86_64 0.0.1 1.83 22.16 23.99 OK
r-patched-solaris-x86 0.0.1 46.10 OK
r-release-linux-x86_64 0.0.1 1.80 22.18 23.98 OK
r-release-macos-arm64 0.0.1 OK
r-release-macos-x86_64 0.0.1 OK
r-release-windows-ix86+x86_64 0.0.1 7.00 40.00 47.00 OK
r-oldrel-macos-x86_64 0.0.1 OK
r-oldrel-windows-ix86+x86_64 0.0.1 5.00 51.00 56.00 OK

Check Details

Version: 0.0.1
Check: whether package can be installed
Result: WARN
    Found the following significant warnings:
     WARNING: installation-time patches will not be applied, could not get the patches index
Flavor: r-devel-windows-x86_64-gcc10-UCRT

Version: 0.0.1
Check: PDF version of manual
Result: WARN
    LaTeX errors when creating PDF version.
    This typically indicates Rd problems.
Flavor: r-devel-windows-x86_64-gcc10-UCRT

Version: 0.0.1
Check: PDF version of manual without hyperrefs or index
Result: ERROR
    Re-running with no redirection of stdout/stderr.
Flavor: r-devel-windows-x86_64-gcc10-UCRT