Last updated on 2022-08-07 21:56:32 CEST.
Flavor | Version | Tinstall | Tcheck | Ttotal | Status | Flags |
---|---|---|---|---|---|---|
r-devel-linux-x86_64-debian-clang | 1.2.5 | 28.21 | 48.41 | 76.62 | NOTE | |
r-devel-linux-x86_64-debian-gcc | 1.2.5 | 30.78 | 36.24 | 67.02 | NOTE | |
r-devel-linux-x86_64-fedora-clang | 1.2.5 | 114.55 | NOTE | |||
r-devel-linux-x86_64-fedora-gcc | 1.2.5 | 118.38 | NOTE | |||
r-devel-windows-x86_64 | 1.2.5 | 227.00 | 78.00 | 305.00 | OK | |
r-patched-linux-x86_64 | 1.2.5 | 31.17 | 46.04 | 77.21 | NOTE | |
r-release-linux-x86_64 | 1.2.5 | 29.68 | 44.46 | 74.14 | NOTE | |
r-release-macos-arm64 | 1.2.5 | 33.00 | OK | |||
r-release-macos-x86_64 | 1.2.5 | 43.00 | OK | |||
r-release-windows-x86_64 | 1.2.5 | 158.00 | 71.00 | 229.00 | OK | |
r-oldrel-macos-arm64 | 1.2.5 | 37.00 | OK | |||
r-oldrel-macos-x86_64 | 1.2.5 | 45.00 | OK | |||
r-oldrel-windows-ix86+x86_64 | 1.2.5 | 84.00 | 69.00 | 153.00 | OK |
Version: 1.2.5
Check: package dependencies
Result: NOTE
Package suggested but not available for checking: 'RandomFields'
Flavors: r-devel-linux-x86_64-debian-clang, r-devel-linux-x86_64-debian-gcc, r-devel-linux-x86_64-fedora-clang, r-devel-linux-x86_64-fedora-gcc, r-patched-linux-x86_64, r-release-linux-x86_64