CRAN Package Check Results for Package RandomFields

Last updated on 2021-07-29 09:53:38 CEST.

Flavor Version Tinstall Tcheck Ttotal Status Flags
r-devel-linux-x86_64-debian-clang 3.3.8 OK
r-devel-linux-x86_64-debian-gcc 3.3.8 86.92 182.79 269.71 OK
r-devel-linux-x86_64-fedora-clang 3.3.8 450.56 NOTE
r-devel-linux-x86_64-fedora-gcc 3.3.8 438.63 OK
r-devel-windows-x86_64 3.3.8 129.00 309.00 438.00 OK
r-devel-windows-x86_64-gcc10-UCRT 3.3.8 OK
r-patched-linux-x86_64 3.3.8 112.09 236.94 349.03 OK
r-patched-solaris-x86 3.3.8 470.40 OK
r-release-linux-x86_64 3.3.8 95.09 238.19 333.28 OK
r-release-macos-arm64 3.3.8 NOTE
r-release-macos-x86_64 3.3.8 NOTE
r-release-windows-ix86+x86_64 3.3.8 261.00 300.00 561.00 NOTE
r-oldrel-macos-x86_64 3.3.8 NOTE
r-oldrel-windows-ix86+x86_64 3.3.8 202.00 406.00 608.00 NOTE

Check Details

Version: 3.3.8
Check: installed package size
Result: NOTE
     installed size is 8.4Mb
     sub-directories of 1Mb or more:
     R 1.6Mb
     help 1.2Mb
     libs 5.4Mb
Flavors: r-devel-linux-x86_64-fedora-clang, r-release-macos-arm64, r-release-macos-x86_64, r-release-windows-ix86+x86_64, r-oldrel-macos-x86_64, r-oldrel-windows-ix86+x86_64