CRAN Package Check Results for Package RagGrid

Last updated on 2022-06-30 21:49:51 CEST.

Flavor Version Tinstall Tcheck Ttotal Status Flags
r-devel-linux-x86_64-debian-clang 0.2.0 2.11 26.77 28.88 OK
r-devel-linux-x86_64-debian-gcc 0.2.0 2.36 21.54 23.90 OK
r-devel-linux-x86_64-fedora-clang 0.2.0 48.28 NOTE
r-devel-linux-x86_64-fedora-gcc 0.2.0 47.26 NOTE
r-devel-windows-x86_64 0.2.0 27.00 56.00 83.00 OK
r-patched-linux-x86_64 0.2.0 3.51 26.89 30.40 OK
r-release-linux-x86_64 0.2.0 2.62 27.24 29.86 OK
r-release-macos-arm64 0.2.0 17.00 NOTE
r-release-macos-x86_64 0.2.0 23.00 NOTE
r-release-windows-x86_64 0.2.0 29.00 55.00 84.00 OK
r-oldrel-macos-arm64 0.2.0 20.00 NOTE
r-oldrel-macos-x86_64 0.2.0 27.00 NOTE
r-oldrel-windows-ix86+x86_64 0.2.0 8.00 49.00 57.00 OK

Check Details

Version: 0.2.0
Check: dependencies in R code
Result: NOTE
    Namespace in Imports field not imported from: ‘knitr’
     All declared Imports should be used.
Flavors: r-devel-linux-x86_64-fedora-clang, r-devel-linux-x86_64-fedora-gcc, r-release-macos-arm64, r-release-macos-x86_64, r-oldrel-macos-arm64, r-oldrel-macos-x86_64