CRAN Package Check Results for Package RYoudaoTranslate

Last updated on 2020-09-24 20:46:59 CEST.

Flavor Version Tinstall Tcheck Ttotal Status Flags
r-devel-linux-x86_64-debian-clang 1.0 2.23 26.46 28.69 NOTE
r-devel-linux-x86_64-debian-gcc 1.0 1.93 20.89 22.82 NOTE
r-devel-linux-x86_64-fedora-clang 1.0 44.60 NOTE
r-devel-linux-x86_64-fedora-gcc 1.0 34.56 NOTE
r-devel-windows-ix86+x86_64 1.0 6.00 44.00 50.00 NOTE
r-patched-linux-x86_64 1.0 2.73 25.49 28.22 NOTE
r-patched-solaris-x86 1.0 55.20 NOTE
r-release-linux-x86_64 1.0 2.62 25.38 28.00 NOTE
r-release-macos-x86_64 1.0 NOTE
r-release-windows-ix86+x86_64 1.0 6.00 41.00 47.00 NOTE
r-oldrel-macos-x86_64 1.0 NOTE
r-oldrel-windows-ix86+x86_64 1.0 5.00 42.00 47.00 NOTE

Check Details

Version: 1.0
Check: DESCRIPTION meta-information
Result: NOTE
    Malformed Title field: should not end in a period.
Flavors: r-devel-linux-x86_64-debian-clang, r-devel-linux-x86_64-debian-gcc, r-devel-linux-x86_64-fedora-clang, r-devel-linux-x86_64-fedora-gcc, r-devel-windows-ix86+x86_64, r-patched-linux-x86_64, r-patched-solaris-x86, r-release-linux-x86_64, r-release-macos-x86_64, r-release-windows-ix86+x86_64, r-oldrel-macos-x86_64, r-oldrel-windows-ix86+x86_64