CRAN Package Check Results for Package RYandexTranslate

Last updated on 2024-02-23 07:52:20 CET.

Flavor Version Tinstall Tcheck Ttotal Status Flags
r-devel-linux-x86_64-debian-clang 1.0 NOTE
r-devel-linux-x86_64-debian-gcc 1.0 2.15 22.20 24.35 NOTE
r-devel-linux-x86_64-fedora-clang 1.0 40.54 NOTE
r-devel-linux-x86_64-fedora-gcc 1.0 37.27 NOTE
r-devel-windows-x86_64 1.0 3.00 42.00 45.00 NOTE
r-patched-linux-x86_64 1.0 3.11 27.63 30.74 NOTE
r-release-linux-x86_64 1.0 2.84 28.29 31.13 NOTE
r-release-macos-arm64 1.0 19.00 NOTE
r-release-macos-x86_64 1.0 21.00 NOTE
r-release-windows-x86_64 1.0 4.00 43.00 47.00 NOTE
r-oldrel-macos-arm64 1.0 17.00 NOTE
r-oldrel-windows-x86_64 1.0 4.00 50.00 54.00 NOTE

Check Details

Version: 1.0
Check: LazyData
Result: NOTE 'LazyData' is specified without a 'data' directory Flavors: r-devel-linux-x86_64-debian-clang, r-devel-linux-x86_64-debian-gcc, r-devel-linux-x86_64-fedora-clang, r-devel-linux-x86_64-fedora-gcc, r-devel-windows-x86_64, r-patched-linux-x86_64, r-release-linux-x86_64, r-release-macos-arm64, r-release-macos-x86_64, r-release-windows-x86_64, r-oldrel-macos-arm64, r-oldrel-windows-x86_64