Last updated on 2023-12-04 18:52:29 CET.
Flavor | Version | Tinstall | Tcheck | Ttotal | Status | Flags |
---|---|---|---|---|---|---|
r-devel-linux-x86_64-debian-clang | 0.4.32 | 3.20 | 38.46 | 41.66 | NOTE | |
r-devel-linux-x86_64-debian-gcc | 0.4.32 | 2.94 | 29.72 | 32.66 | NOTE | |
r-devel-linux-x86_64-fedora-clang | 0.4.32 | 53.41 | NOTE | |||
r-devel-linux-x86_64-fedora-gcc | 0.4.32 | 67.63 | NOTE | |||
r-devel-windows-x86_64 | 0.4.32 | 4.00 | 64.00 | 68.00 | NOTE | |
r-patched-linux-x86_64 | 0.4.32 | 3.17 | 37.60 | 40.77 | NOTE | |
r-release-linux-x86_64 | 0.4.32 | 3.67 | 37.42 | 41.09 | NOTE | |
r-release-macos-arm64 | 0.4.32 | 27.00 | NOTE | |||
r-release-macos-x86_64 | 0.4.32 | 40.00 | NOTE | |||
r-release-windows-x86_64 | 0.4.32 | 7.00 | 64.00 | 71.00 | NOTE | |
r-oldrel-macos-arm64 | 0.4.32 | 24.00 | OK | |||
r-oldrel-macos-x86_64 | 0.4.32 | 32.00 | OK | |||
r-oldrel-windows-x86_64 | 0.4.32 | 6.00 | 67.00 | 73.00 | OK |
Version: 0.4.32
Check: Rd files
Result: NOTE
checkRd: (-1) tracker.Rd:70: Escaped LaTeX specials: \&
checkRd: (-1) tracker.Rd:73: Escaped LaTeX specials: \&
Flavors: r-devel-linux-x86_64-debian-clang, r-devel-linux-x86_64-debian-gcc, r-devel-linux-x86_64-fedora-clang, r-devel-linux-x86_64-fedora-gcc, r-devel-windows-x86_64, r-patched-linux-x86_64, r-release-linux-x86_64, r-release-macos-arm64, r-release-macos-x86_64, r-release-windows-x86_64
Version: 0.4.32
Check: Rd \usage sections
Result: NOTE
S3 methods shown with full name in Rd file 'printHTML.trackinfo.Rd':
‘printHTML.trackInfo’
The \usage entries for S3 methods should use the \method markup and not
their full name.
See chapter ‘Writing R documentation files’ in the ‘Writing R
Extensions’ manual.
Flavors: r-devel-linux-x86_64-debian-clang, r-devel-linux-x86_64-debian-gcc, r-devel-linux-x86_64-fedora-clang, r-devel-linux-x86_64-fedora-gcc, r-devel-windows-x86_64
Version: 0.4.32
Check: for non-standard things in the check directory
Result: NOTE
Found the following files/directories:
‘results’
Flavors: r-devel-linux-x86_64-debian-clang, r-devel-linux-x86_64-debian-gcc, r-devel-linux-x86_64-fedora-clang, r-devel-linux-x86_64-fedora-gcc, r-patched-linux-x86_64, r-release-linux-x86_64
Version: 0.4.32
Check: Rd \usage sections
Result: NOTE
S3 methods shown with full name in documentation object 'printHTML.trackInfo':
‘printHTML.trackInfo’
The \usage entries for S3 methods should use the \method markup and not
their full name.
See chapter ‘Writing R documentation files’ in the ‘Writing R
Extensions’ manual.
Flavors: r-patched-linux-x86_64, r-release-linux-x86_64, r-release-macos-arm64, r-release-macos-x86_64, r-release-windows-x86_64