Last updated on 2022-05-18 21:53:26 CEST.
Flavor | Version | Tinstall | Tcheck | Ttotal | Status | Flags |
---|---|---|---|---|---|---|
r-devel-linux-x86_64-debian-clang | 1.0.19 | 257.84 | 110.85 | 368.69 | OK | |
r-devel-linux-x86_64-debian-gcc | 1.0.19 | 166.78 | 88.04 | 254.82 | OK | |
r-devel-linux-x86_64-fedora-clang | 1.0.19 | 529.32 | NOTE | |||
r-devel-linux-x86_64-fedora-gcc | 1.0.19 | 415.69 | OK | |||
r-devel-windows-x86_64 | 1.0.19 | 112.00 | 141.00 | 253.00 | OK | |
r-patched-linux-x86_64 | 1.0.19 | 172.65 | 111.33 | 283.98 | OK | |
r-release-linux-x86_64 | 1.0.19 | 172.29 | 112.29 | 284.58 | OK | |
r-release-macos-arm64 | 1.0.19 | 100.00 | NOTE | |||
r-release-macos-x86_64 | 1.0.19 | 126.00 | NOTE | |||
r-release-windows-x86_64 | 1.0.19 | 111.00 | 149.00 | 260.00 | OK | |
r-oldrel-macos-arm64 | 1.0.19 | 105.00 | NOTE | |||
r-oldrel-macos-x86_64 | 1.0.19 | 170.00 | NOTE | |||
r-oldrel-windows-ix86+x86_64 | 1.0.19 | 402.00 | 187.00 | 589.00 | OK |
Version: 1.0.19
Check: installed package size
Result: NOTE
installed size is 43.5Mb
sub-directories of 1Mb or more:
libs 42.9Mb
Flavors: r-devel-linux-x86_64-fedora-clang, r-release-macos-arm64, r-release-macos-x86_64, r-oldrel-macos-arm64, r-oldrel-macos-x86_64