CRAN Package Check Results for Package RSurveillance

Last updated on 2021-10-24 08:52:08 CEST.

Flavor Version Tinstall Tcheck Ttotal Status Flags
r-devel-linux-x86_64-debian-clang 0.2.1 4.13 39.09 43.22 OK
r-devel-linux-x86_64-debian-gcc 0.2.1 3.14 29.80 32.94 OK
r-devel-linux-x86_64-fedora-clang 0.2.1 63.46 NOTE
r-devel-linux-x86_64-fedora-gcc 0.2.1 51.51 NOTE
r-devel-windows-x86_64 0.2.1 8.00 47.00 55.00 OK
r-devel-windows-x86_64-gcc10-UCRT 0.2.1 NOTE
r-patched-linux-x86_64 0.2.1 4.64 37.86 42.50 OK
r-patched-solaris-x86 0.2.1 74.70 NOTE
r-release-linux-x86_64 0.2.1 3.92 37.75 41.67 OK
r-release-macos-arm64 0.2.1 NOTE
r-release-macos-x86_64 0.2.1 NOTE
r-release-windows-ix86+x86_64 0.2.1 6.00 59.00 65.00 OK
r-oldrel-macos-x86_64 0.2.1 NOTE
r-oldrel-windows-ix86+x86_64 0.2.1 8.00 63.00 71.00 OK

Check Details

Version: 0.2.1
Check: dependencies in R code
Result: NOTE
    Namespace in Imports field not imported from: ‘mc2d’
     All declared Imports should be used.
Flavors: r-devel-linux-x86_64-fedora-clang, r-devel-linux-x86_64-fedora-gcc, r-devel-windows-x86_64-gcc10-UCRT, r-patched-solaris-x86, r-release-macos-arm64, r-release-macos-x86_64, r-oldrel-macos-x86_64