CRAN Package Check Results for Package RSiena

Last updated on 2021-11-29 07:51:21 CET.

Flavor Version Tinstall Tcheck Ttotal Status Flags
r-devel-linux-x86_64-debian-clang 1.3.0.1 OK
r-devel-linux-x86_64-debian-gcc 1.3.0.1 198.64 197.86 396.50 OK
r-devel-linux-x86_64-fedora-clang 1.3.0.1 949.39 NOTE
r-devel-linux-x86_64-fedora-gcc 1.3.0.1 723.15 OK
r-devel-windows-x86_64-new-UL 1.3.0.1 504.00 348.00 852.00 OK
r-devel-windows-x86_64-new-TK 1.3.0.1 OK
r-devel-windows-x86_64-old 1.3.0.1 294.00 261.00 555.00 OK
r-patched-linux-x86_64 1.3.0.1 246.36 261.54 507.90 OK
r-patched-solaris-x86 1.3.0.1 928.90 NOTE
r-release-linux-x86_64 1.3.0.1 238.75 260.26 499.01 OK
r-release-macos-arm64 1.3.0.1 NOTE
r-release-macos-x86_64 1.3.0.1 NOTE
r-release-windows-ix86+x86_64 1.3.0.1 711.00 348.00 1059.00 NOTE
r-oldrel-macos-x86_64 1.3.0.1 NOTE
r-oldrel-windows-ix86+x86_64 1.3.0.1 736.00 456.00 1192.00 NOTE

Additional issues

rchk

Check Details

Version: 1.3.0.1
Check: installed package size
Result: NOTE
     installed size is 15.1Mb
     sub-directories of 1Mb or more:
     R 1.0Mb
     libs 13.2Mb
Flavors: r-devel-linux-x86_64-fedora-clang, r-patched-solaris-x86, r-release-macos-arm64, r-release-macos-x86_64, r-release-windows-ix86+x86_64, r-oldrel-macos-x86_64, r-oldrel-windows-ix86+x86_64