CRAN Package Check Results for Package RSQL

Last updated on 2021-11-29 20:50:55 CET.

Flavor Version Tinstall Tcheck Ttotal Status Flags
r-devel-linux-x86_64-debian-clang 0.1.4 5.22 40.88 46.10 NOTE
r-devel-linux-x86_64-debian-gcc 0.1.4 3.88 32.65 36.53 NOTE
r-devel-linux-x86_64-fedora-clang 0.1.4 67.01 NOTE
r-devel-linux-x86_64-fedora-gcc 0.1.4 55.83 NOTE
r-devel-windows-x86_64-new-UL 0.1.4 14.00 83.00 97.00 NOTE
r-devel-windows-x86_64-new-TK 0.1.4 NOTE
r-devel-windows-x86_64-old 0.1.4 8.00 44.00 52.00 NOTE
r-patched-linux-x86_64 0.1.4 5.90 38.94 44.84 NOTE
r-patched-solaris-x86 0.1.4 79.90 NOTE
r-release-linux-x86_64 0.1.4 5.68 40.10 45.78 NOTE
r-release-macos-arm64 0.1.4 NOTE
r-release-macos-x86_64 0.1.4 NOTE
r-release-windows-ix86+x86_64 0.1.4 10.00 66.00 76.00 NOTE
r-oldrel-macos-x86_64 0.1.4 NOTE
r-oldrel-windows-ix86+x86_64 0.1.4 8.00 43.00 51.00 OK

Check Details

Version: 0.1.4
Check: LazyData
Result: NOTE
     'LazyData' is specified without a 'data' directory
Flavors: r-devel-linux-x86_64-debian-clang, r-devel-linux-x86_64-debian-gcc, r-devel-linux-x86_64-fedora-clang, r-devel-linux-x86_64-fedora-gcc, r-devel-windows-x86_64-new-UL, r-devel-windows-x86_64-new-TK, r-devel-windows-x86_64-old, r-patched-linux-x86_64, r-patched-solaris-x86, r-release-linux-x86_64, r-release-macos-arm64, r-release-macos-x86_64, r-release-windows-ix86+x86_64

Version: 0.1.4
Check: dependencies in R code
Result: NOTE
    Namespaces in Imports field not imported from:
     ‘RSQLite’ ‘knitr’
     All declared Imports should be used.
Flavors: r-devel-linux-x86_64-fedora-clang, r-devel-linux-x86_64-fedora-gcc, r-devel-windows-x86_64-new-TK, r-patched-solaris-x86, r-release-macos-arm64, r-release-macos-x86_64, r-oldrel-macos-x86_64