CRAN Package Check Results for Package RSDK

Last updated on 2024-06-16 21:52:21 CEST.

Flavor Version Tinstall Tcheck Ttotal Status Flags
r-devel-linux-x86_64-debian-clang 1.0.1 3.09 31.24 34.33 OK
r-devel-linux-x86_64-debian-gcc 1.0.1 2.13 23.74 25.87 OK
r-devel-linux-x86_64-fedora-clang 1.0.1 42.86 NOTE
r-devel-linux-x86_64-fedora-gcc 1.0.1 40.73 NOTE
r-devel-windows-x86_64 1.0.1 3.00 46.00 49.00 OK
r-patched-linux-x86_64 1.0.1 2.27 30.99 33.26 OK
r-release-linux-x86_64 1.0.1 1.73 30.36 32.09 OK
r-release-macos-arm64 1.0.1 18.00 OK
r-release-macos-x86_64 1.0.1 26.00 OK
r-release-windows-x86_64 1.0.1 4.00 47.00 51.00 OK
r-oldrel-macos-arm64 1.0.1 20.00 OK
r-oldrel-macos-x86_64 1.0.1 27.00 OK
r-oldrel-windows-x86_64 1.0.1 4.00 50.00 54.00 OK

Check Details

Version: 1.0.1
Check: dependencies in R code
Result: NOTE Namespaces in Imports field not imported from: ‘keys’ ‘shinyWidgets’ ‘testthat’ All declared Imports should be used. Flavors: r-devel-linux-x86_64-fedora-clang, r-devel-linux-x86_64-fedora-gcc