CRAN Package Check Results for Package RPyGeo

Last updated on 2021-12-01 19:51:48 CET.

Flavor Version Tinstall Tcheck Ttotal Status Flags
r-devel-linux-x86_64-debian-clang 1.0.0 2.54 37.73 40.27 NOTE
r-devel-linux-x86_64-debian-gcc 1.0.0 1.65 29.37 31.02 NOTE
r-devel-linux-x86_64-fedora-clang 1.0.0 61.02 NOTE
r-devel-linux-x86_64-fedora-gcc 1.0.0 49.07 NOTE
r-devel-windows-x86_64-new-UL 1.0.0 9.00 79.00 88.00 NOTE
r-devel-windows-x86_64-new-TK 1.0.0 NOTE
r-devel-windows-x86_64-old 1.0.0 5.00 48.00 53.00 NOTE
r-patched-linux-x86_64 1.0.0 2.77 36.16 38.93 NOTE
r-patched-solaris-x86 1.0.0 69.40 NOTE
r-release-linux-x86_64 1.0.0 2.53 36.63 39.16 NOTE
r-release-macos-arm64 1.0.0 NOTE
r-release-macos-x86_64 1.0.0 NOTE
r-release-windows-ix86+x86_64 1.0.0 6.00 68.00 74.00 NOTE
r-oldrel-macos-x86_64 1.0.0 OK
r-oldrel-windows-ix86+x86_64 1.0.0 4.00 43.00 47.00 OK

Check Details

Version: 1.0.0
Check: LazyData
Result: NOTE
     'LazyData' is specified without a 'data' directory
Flavors: r-devel-linux-x86_64-debian-clang, r-devel-linux-x86_64-debian-gcc, r-devel-linux-x86_64-fedora-clang, r-devel-linux-x86_64-fedora-gcc, r-devel-windows-x86_64-new-UL, r-devel-windows-x86_64-new-TK, r-devel-windows-x86_64-old, r-patched-linux-x86_64, r-patched-solaris-x86, r-release-linux-x86_64, r-release-macos-arm64, r-release-macos-x86_64, r-release-windows-ix86+x86_64