CRAN Package Check Results for Package RPostgres

Last updated on 2020-11-28 19:47:11 CET.

Flavor Version Tinstall Tcheck Ttotal Status Flags
r-devel-linux-x86_64-debian-clang 1.2.1 217.90 44.47 262.37 OK
r-devel-linux-x86_64-debian-gcc 1.2.1 180.79 34.34 215.13 OK
r-devel-linux-x86_64-fedora-clang 1.2.1 312.13 OK
r-devel-linux-x86_64-fedora-gcc 1.2.1 249.64 OK
r-devel-windows-ix86+x86_64 1.2.1 732.00 93.00 825.00 NOTE
r-patched-linux-x86_64 1.2.1 280.10 42.41 322.51 OK
r-release-linux-x86_64 1.2.1 223.38 42.79 266.17 OK
r-release-macos-x86_64 1.2.1 NOTE
r-release-windows-ix86+x86_64 1.2.1 734.00 95.00 829.00 NOTE
r-oldrel-macos-x86_64 1.2.1 NOTE
r-oldrel-windows-ix86+x86_64 1.2.1 688.00 116.00 804.00 NOTE

Check Details

Version: 1.2.1
Check: installed package size
Result: NOTE
     installed size is 8.7Mb
     sub-directories of 1Mb or more:
     libs 8.3Mb
Flavors: r-devel-windows-ix86+x86_64, r-release-macos-x86_64, r-release-windows-ix86+x86_64, r-oldrel-macos-x86_64, r-oldrel-windows-ix86+x86_64