CRAN Package Check Results for Package RPPASPACE

Last updated on 2024-02-29 19:12:33 CET.

Flavor Version Tinstall Tcheck Ttotal Status Flags
r-devel-linux-x86_64-debian-clang 1.0.10 22.53 139.75 162.28 OK
r-devel-linux-x86_64-debian-gcc 1.0.10 15.22 104.76 119.98 OK
r-devel-linux-x86_64-fedora-clang 1.0.10 208.82 NOTE
r-devel-linux-x86_64-fedora-gcc 1.0.10 201.71 NOTE
r-devel-windows-x86_64 1.0.10 17.00 127.00 144.00 OK
r-patched-linux-x86_64 1.0.10 17.87 136.09 153.96 OK
r-release-linux-x86_64 1.0.10 19.02 135.78 154.80 OK
r-release-macos-arm64 1.0.10 73.00 OK
r-release-macos-x86_64 1.0.10 153.00 OK
r-release-windows-x86_64 1.0.10 23.00 151.00 174.00 OK
r-oldrel-macos-arm64 1.0.10 63.00 OK
r-oldrel-windows-x86_64 1.0.10 23.00 159.00 182.00 OK

Check Details

Version: 1.0.10
Check: dependencies in R code
Result: NOTE Namespaces in Imports field not imported from: ‘SparseM’ ‘nlme’ ‘timeDate’ All declared Imports should be used. Flavors: r-devel-linux-x86_64-fedora-clang, r-devel-linux-x86_64-fedora-gcc