Last updated on 2023-12-06 07:50:27 CET.
Flavor | Version | Tinstall | Tcheck | Ttotal | Status | Flags |
---|---|---|---|---|---|---|
r-devel-linux-x86_64-debian-clang | 2.2 | 83.48 | 711.00 | 794.48 | OK | |
r-devel-linux-x86_64-debian-gcc | 2.2 | 72.98 | 511.77 | 584.75 | OK | |
r-devel-linux-x86_64-fedora-clang | 2.2 | 1052.06 | NOTE | |||
r-devel-linux-x86_64-fedora-gcc | 2.2 | 962.18 | OK | |||
r-devel-windows-x86_64 | 2.2 | 78.00 | 481.00 | 559.00 | OK | |
r-patched-linux-x86_64 | 2.2 | 71.62 | 665.51 | 737.13 | OK | |
r-release-linux-x86_64 | 2.2 | 61.39 | 673.55 | 734.94 | OK | |
r-release-macos-arm64 | 2.2 | 225.00 | OK | |||
r-release-macos-x86_64 | 2.2 | 433.00 | OK | |||
r-release-windows-x86_64 | 2.2 | 102.00 | 661.00 | 763.00 | OK | |
r-oldrel-macos-arm64 | 2.2 | 167.00 | OK | |||
r-oldrel-macos-x86_64 | 2.2 | 275.00 | OK | |||
r-oldrel-windows-x86_64 | 2.2 | 106.00 | 641.00 | 747.00 | OK |
Version: 2.2
Check: package dependencies
Result: NOTE
Imports includes 21 non-default packages.
Importing from so many packages makes the package vulnerable to any of
them becoming unavailable. Move as many as possible to Suggests and
use conditionally.
Flavor: r-devel-linux-x86_64-fedora-clang