CRAN Package Check Results for Package ROptEst

Last updated on 2020-12-01 19:48:26 CET.

Flavor Version Tinstall Tcheck Ttotal Status Flags
r-devel-linux-x86_64-debian-clang 1.2.1 51.81 174.06 225.87 OK
r-devel-linux-x86_64-debian-gcc 1.2.1 31.01 130.39 161.40 OK
r-devel-linux-x86_64-fedora-clang 1.2.1 258.89 OK
r-devel-linux-x86_64-fedora-gcc 1.2.1 269.30 OK
r-devel-windows-ix86+x86_64 1.2.1 69.00 198.00 267.00 OK
r-patched-linux-x86_64 1.2.1 36.03 161.71 197.74 OK
r-patched-solaris-x86 1.2.1 332.60 OK
r-release-linux-x86_64 1.2.1 36.32 159.15 195.47 OK
r-release-macos-x86_64 1.2.1 OK
r-release-windows-ix86+x86_64 1.2.1 50.00 153.00 203.00 OK
r-oldrel-macos-x86_64 1.2.1 NOTE
r-oldrel-windows-ix86+x86_64 1.2.1 48.00 176.00 224.00 OK

Check Details

Version: 1.2.1
Check: package dependencies
Result: NOTE
    Package suggested but not available for checking: ‘RobLox’
Flavor: r-oldrel-macos-x86_64

Version: 1.2.1
Check: Rd cross-references
Result: NOTE
    Package unavailable to check Rd xrefs: ‘RobLox’
Flavor: r-oldrel-macos-x86_64