Last updated on 2023-10-03 09:08:28 CEST.
Flavor | Version | Tinstall | Tcheck | Ttotal | Status | Flags |
---|---|---|---|---|---|---|
r-devel-linux-x86_64-debian-clang | 1.3.1 | 38.02 | 197.87 | 235.89 | NOTE | |
r-devel-linux-x86_64-debian-gcc | 1.3.1 | 35.55 | 148.79 | 184.34 | NOTE | |
r-devel-linux-x86_64-fedora-clang | 1.3.1 | 297.55 | NOTE | |||
r-devel-linux-x86_64-fedora-gcc | 1.3.1 | 292.96 | NOTE | |||
r-devel-windows-x86_64 | 1.3.1 | 33.00 | 160.00 | 193.00 | NOTE | |
r-patched-linux-x86_64 | 1.3.1 | 46.90 | 188.49 | 235.39 | OK | |
r-release-linux-x86_64 | 1.3.1 | 45.14 | 194.99 | 240.13 | OK | |
r-release-macos-arm64 | 1.3.1 | 81.00 | OK | |||
r-release-macos-x86_64 | 1.3.1 | 141.00 | NOTE | |||
r-release-windows-x86_64 | 1.3.1 | 46.00 | 199.00 | 245.00 | OK | |
r-oldrel-macos-arm64 | 1.3.1 | 82.00 | OK | |||
r-oldrel-macos-x86_64 | 1.3.1 | 106.00 | OK | |||
r-oldrel-windows-x86_64 | 1.3.1 | 47.00 | 195.00 | 242.00 | OK |
Version: 1.3.1
Check: Rd \usage sections
Result: NOTE
Documented arguments not in \usage in documentation object 'internal_interpolate_helpers':
‘upRad.s’ ‘withSmooth’
Assignments in \usage in documentation object 'internal_interpolate_helpers':
.readGridFromCSV <- function(fromFileCSV) .generateInterpGrid(thGrid,
PFam, toFileCSV = "temp.csv", getFun = .getLMGrid, ..., modifyfct,
nameInSysdata, GridFileName, withPrint = TRUE, len = 13)
Objects in \usage without \alias in documentation object 'internals_for_ROptEst_robest':
‘.constructArg.list’ ‘.fix.in.defaults’ ‘.pretreat’ ‘.check.eps’
‘.isOKsteps’ ‘.isOKfsCor’
Documented arguments not in \usage in documentation object 'internals_for_ROptEst_Cniperplots':
‘origCl’
Objects in \usage without \alias in documentation object 'internals_for_ROptEst':
‘.isVirginW’
Functions with \usage entries need to have the appropriate \alias
entries, and all their arguments documented.
The \usage entries must correspond to syntactically valid R code.
See chapter ‘Writing R documentation files’ in the ‘Writing R
Extensions’ manual.
Flavors: r-devel-linux-x86_64-debian-clang, r-devel-linux-x86_64-debian-gcc, r-devel-linux-x86_64-fedora-clang, r-devel-linux-x86_64-fedora-gcc, r-devel-windows-x86_64
Version: 1.3.1
Check: package dependencies
Result: NOTE
Package suggested but not available for checking: ‘RobLox’
Flavor: r-release-macos-x86_64
Version: 1.3.1
Check: Rd cross-references
Result: NOTE
Package unavailable to check Rd xrefs: ‘RobLox’
Flavor: r-release-macos-x86_64