CRAN Package Check Results for Package ROpenDota

Last updated on 2022-10-05 10:51:51 CEST.

Flavor Version Tinstall Tcheck Ttotal Status Flags
r-devel-linux-x86_64-debian-clang 0.1.2 2.38 31.89 34.27 NOTE
r-devel-linux-x86_64-debian-gcc 0.1.2 2.53 24.56 27.09 NOTE
r-devel-linux-x86_64-fedora-clang 0.1.2 55.60 NOTE
r-devel-linux-x86_64-fedora-gcc 0.1.2 51.13 NOTE
r-devel-windows-x86_64 0.1.2 17.00 58.00 75.00 NOTE
r-patched-linux-x86_64 0.1.2 3.04 30.09 33.13 NOTE
r-release-linux-x86_64 0.1.2 3.36 29.97 33.33 NOTE
r-release-macos-arm64 0.1.2 15.00 NOTE
r-release-macos-x86_64 0.1.2 24.00 NOTE
r-release-windows-x86_64 0.1.2 22.00 59.00 81.00 NOTE
r-oldrel-macos-arm64 0.1.2 17.00 NOTE
r-oldrel-macos-x86_64 0.1.2 29.00 NOTE
r-oldrel-windows-ix86+x86_64 0.1.2 7.00 56.00 63.00 NOTE

Check Details

Version: 0.1.2
Check: LazyData
Result: NOTE
     'LazyData' is specified without a 'data' directory
Flavors: r-devel-linux-x86_64-debian-clang, r-devel-linux-x86_64-debian-gcc, r-devel-linux-x86_64-fedora-clang, r-devel-linux-x86_64-fedora-gcc, r-devel-windows-x86_64, r-patched-linux-x86_64, r-release-linux-x86_64, r-release-macos-arm64, r-release-macos-x86_64, r-release-windows-x86_64, r-oldrel-macos-arm64, r-oldrel-macos-x86_64, r-oldrel-windows-ix86+x86_64