CRAN Package Check Results for Package ROI.plugin.nloptr

Last updated on 2020-07-14 09:50:47 CEST.

Flavor Version Tinstall Tcheck Ttotal Status Flags
r-devel-linux-x86_64-debian-clang 0.3-3 9.45 109.08 118.53 OK
r-devel-linux-x86_64-debian-gcc 0.3-3 6.42 77.05 83.47 OK
r-devel-linux-x86_64-fedora-clang 0.3-3 147.78 OK
r-devel-linux-x86_64-fedora-gcc 0.3-3 177.15 OK
r-devel-windows-ix86+x86_64 0.3-3 26.00 135.00 161.00 OK
r-patched-linux-x86_64 0.3-3 8.75 107.49 116.24 OK
r-patched-solaris-x86 0.3-3 168.00 OK
r-release-linux-x86_64 0.3-3 8.47 107.48 115.95 OK
r-release-macos-x86_64 0.3-3 ERROR
r-release-windows-ix86+x86_64 0.3-3 27.00 100.00 127.00 OK
r-oldrel-macos-x86_64 0.3-3 OK
r-oldrel-windows-ix86+x86_64 0.3-3 31.00 132.00 163.00 OK

Check Details

Version: 0.3-3
Check: whether package can be installed
Result: ERROR
    Installation failed.
Flavor: r-release-macos-x86_64