CRAN Package Check Results for Package ROI.plugin.nloptr

Last updated on 2022-01-25 07:50:19 CET.

Flavor Version Tinstall Tcheck Ttotal Status Flags
r-devel-linux-x86_64-debian-clang 1.0-0 9.03 176.57 185.60 OK
r-devel-linux-x86_64-debian-gcc 1.0-0 5.84 130.26 136.10 OK
r-devel-linux-x86_64-fedora-clang 1.0-0 208.78 OK
r-devel-linux-x86_64-fedora-gcc 1.0-0 187.28 OK
r-devel-windows-x86_64-new-UL 1.0-0 100.00 153.00 253.00 OK
r-devel-windows-x86_64-new-TK 1.0-0 ERROR
r-patched-linux-x86_64 1.0-0 8.64 118.12 126.76 OK
r-release-linux-x86_64 1.0-0 10.49 119.48 129.97 OK
r-release-macos-arm64 1.0-0 OK
r-release-macos-x86_64 1.0-0 OK
r-release-windows-ix86+x86_64 1.0-0 23.00 138.00 161.00 OK
r-oldrel-macos-x86_64 1.0-0 OK
r-oldrel-windows-ix86+x86_64 1.0-0 24.00 134.00 158.00 OK

Check Details

Version: 1.0-0
Check: package dependencies
Result: ERROR
    Package required but not available: 'nloptr'
    
    See section 'The DESCRIPTION file' in the 'Writing R Extensions'
    manual.
Flavor: r-devel-windows-x86_64-new-TK