CRAN Package Check Results for Package RNetLogo

Last updated on 2020-07-14 09:50:47 CEST.

Flavor Version Tinstall Tcheck Ttotal Status Flags
r-devel-linux-x86_64-debian-clang 1.0-4 5.14 40.28 45.42 OK
r-devel-linux-x86_64-debian-gcc 1.0-4 3.52 31.54 35.06 OK
r-devel-linux-x86_64-fedora-clang 1.0-4 63.36 OK
r-devel-linux-x86_64-fedora-gcc 1.0-4 55.18 OK
r-devel-windows-ix86+x86_64 1.0-4 15.00 75.00 90.00 OK
r-patched-linux-x86_64 1.0-4 4.92 39.58 44.50 OK
r-patched-solaris-x86 1.0-4 81.60 OK
r-release-linux-x86_64 1.0-4 4.90 40.23 45.13 OK
r-release-macos-x86_64 1.0-4 ERROR
r-release-windows-ix86+x86_64 1.0-4 13.00 61.00 74.00 OK
r-oldrel-macos-x86_64 1.0-4 OK
r-oldrel-windows-ix86+x86_64 1.0-4 11.00 78.00 89.00 OK

Check Details

Version: 1.0-4
Check: whether package can be installed
Result: ERROR
    Installation failed.
Flavor: r-release-macos-x86_64