CRAN Package Check Results for Package RNetCDF

Last updated on 2020-01-17 09:51:36 CET.

Flavor Version Tinstall Tcheck Ttotal Status Flags
r-devel-linux-x86_64-debian-clang 2.1-1 15.38 36.34 51.72 OK
r-devel-linux-x86_64-debian-gcc 2.1-1 8.31 29.57 37.88 OK
r-devel-linux-x86_64-fedora-clang 2.1-1 65.00 OK
r-devel-linux-x86_64-fedora-gcc 2.1-1 59.52 OK
r-devel-windows-ix86+x86_64 2.1-1 48.00 113.00 161.00 NOTE
r-devel-windows-ix86+x86_64-gcc8 2.1-1 35.00 104.00 139.00 NOTE
r-patched-linux-x86_64 2.1-1 9.44 35.19 44.63 OK
r-patched-solaris-x86 2.1-1 58.40 OK
r-release-linux-x86_64 2.1-1 10.14 34.76 44.90 OK
r-release-windows-ix86+x86_64 2.1-1 52.00 119.00 171.00 NOTE
r-release-osx-x86_64 2.1-1 NOTE
r-oldrel-windows-ix86+x86_64 2.1-1 48.00 95.00 143.00 NOTE
r-oldrel-osx-x86_64 2.1-1 NOTE

Additional issues

rchk

Check Details

Version: 2.1-1
Check: installed package size
Result: NOTE
     installed size is 9.3Mb
     sub-directories of 1Mb or more:
     libs 9.0Mb
Flavors: r-devel-windows-ix86+x86_64, r-devel-windows-ix86+x86_64-gcc8, r-release-windows-ix86+x86_64, r-release-osx-x86_64, r-oldrel-windows-ix86+x86_64, r-oldrel-osx-x86_64