CRAN Package Check Results for Package RNetCDF

Last updated on 2020-08-04 21:48:25 CEST.

Flavor Version Tinstall Tcheck Ttotal Status Flags
r-devel-linux-x86_64-debian-clang 2.3-1 13.30 30.97 44.27 OK
r-devel-linux-x86_64-debian-gcc 2.3-1 8.78 24.74 33.52 OK
r-devel-linux-x86_64-fedora-clang 2.3-1 64.49 OK
r-devel-linux-x86_64-fedora-gcc 2.3-1 61.29 OK
r-devel-windows-ix86+x86_64 2.3-1 41.00 83.00 124.00 NOTE
r-patched-linux-x86_64 2.3-1 9.70 31.46 41.16 OK
r-patched-solaris-x86 2.3-1 75.30 OK
r-release-linux-x86_64 2.3-1 9.03 31.35 40.38 OK
r-release-macos-x86_64 2.3-1 NOTE
r-release-windows-ix86+x86_64 2.3-1 39.00 77.00 116.00 NOTE
r-oldrel-macos-x86_64 2.3-1 NOTE
r-oldrel-windows-ix86+x86_64 2.3-1 38.00 76.00 114.00 NOTE

Check Details

Version: 2.3-1
Check: installed package size
Result: NOTE
     installed size is 9.3Mb
     sub-directories of 1Mb or more:
     libs 9.0Mb
Flavors: r-devel-windows-ix86+x86_64, r-release-macos-x86_64, r-release-windows-ix86+x86_64, r-oldrel-macos-x86_64, r-oldrel-windows-ix86+x86_64