CRAN Package Check Results for Package RMySQL

Last updated on 2022-01-22 07:52:55 CET.

Flavor Version Tinstall Tcheck Ttotal Status Flags
r-devel-linux-x86_64-debian-clang 0.10.23 8.86 43.08 51.94 OK
r-devel-linux-x86_64-debian-gcc 0.10.23 6.34 34.01 40.35 OK
r-devel-linux-x86_64-fedora-clang 0.10.23 64.05 OK
r-devel-linux-x86_64-fedora-gcc 0.10.23 52.67 OK
r-devel-windows-x86_64-new-UL 0.10.23 123.00 148.00 271.00 OK
r-devel-windows-x86_64-new-TK 0.10.23 OK
r-patched-linux-x86_64 0.10.23 8.82 41.73 50.55 OK
r-release-linux-x86_64 0.10.23 8.16 41.78 49.94 OK
r-release-macos-arm64 0.10.23 OK
r-release-macos-x86_64 0.10.23 OK
r-release-windows-ix86+x86_64 0.10.23 28.00 167.00 195.00 NOTE
r-oldrel-macos-x86_64 0.10.23 OK
r-oldrel-windows-ix86+x86_64 0.10.23 29.00 174.00 203.00 NOTE

Check Details

Version: 0.10.23
Check: installed package size
Result: NOTE
     installed size is 6.8Mb
     sub-directories of 1Mb or more:
     libs 6.4Mb
Flavors: r-release-windows-ix86+x86_64, r-oldrel-windows-ix86+x86_64