CRAN Package Check Results for Package RMLPCA

Last updated on 2021-09-21 20:51:24 CEST.

Flavor Version Tinstall Tcheck Ttotal Status Flags
r-devel-linux-x86_64-debian-clang 0.0.1 2.69 220.02 222.71 OK
r-devel-linux-x86_64-debian-gcc 0.0.1 1.95 167.72 169.67 OK
r-devel-linux-x86_64-fedora-clang 0.0.1 268.33 OK
r-devel-linux-x86_64-fedora-gcc 0.0.1 257.74 OK
r-devel-windows-x86_64 0.0.1 4.00 206.00 210.00 OK
r-devel-windows-x86_64-gcc10-UCRT 0.0.1 ERROR
r-patched-linux-x86_64 0.0.1 3.00 213.16 216.16 OK
r-patched-solaris-x86 0.0.1 756.80 OK
r-release-linux-x86_64 0.0.1 2.65 207.06 209.71 OK
r-release-macos-arm64 0.0.1 OK
r-release-macos-x86_64 0.0.1 OK
r-release-windows-ix86+x86_64 0.0.1 7.00 257.00 264.00 OK
r-oldrel-macos-x86_64 0.0.1 OK
r-oldrel-windows-ix86+x86_64 0.0.1 6.00 305.00 311.00 OK

Check Details

Version: 0.0.1
Check: whether package can be installed
Result: WARN
    Found the following significant warnings:
     WARNING: installation-time patches will not be applied, could not get the patches index
Flavor: r-devel-windows-x86_64-gcc10-UCRT

Version: 0.0.1
Check: PDF version of manual
Result: WARN
    LaTeX errors when creating PDF version.
    This typically indicates Rd problems.
Flavor: r-devel-windows-x86_64-gcc10-UCRT

Version: 0.0.1
Check: PDF version of manual without hyperrefs or index
Result: ERROR
    Re-running with no redirection of stdout/stderr.
Flavor: r-devel-windows-x86_64-gcc10-UCRT