CRAN Package Check Results for Package RMAT

Last updated on 2024-03-04 07:48:39 CET.

Flavor Version Tinstall Tcheck Ttotal Status Flags
r-devel-linux-x86_64-debian-clang 0.2.0 4.35 42.63 46.98 OK
r-devel-linux-x86_64-debian-gcc 0.2.0 3.39 31.90 35.29 OK
r-devel-linux-x86_64-fedora-clang 0.2.0 57.08 NOTE
r-devel-linux-x86_64-fedora-gcc 0.2.0 54.40 NOTE
r-devel-windows-x86_64 0.2.0 5.00 51.00 56.00 OK
r-patched-linux-x86_64 0.2.0 5.23 40.99 46.22 OK
r-release-linux-x86_64 0.2.0 4.03 41.10 45.13 OK
r-release-macos-arm64 0.2.0 23.00 OK
r-release-macos-x86_64 0.2.0 31.00 OK
r-release-windows-x86_64 0.2.0 7.00 58.00 65.00 OK
r-oldrel-macos-arm64 0.2.0 20.00 NOTE
r-oldrel-windows-x86_64 0.2.0 8.00 60.00 68.00 OK

Check Details

Version: 0.2.0
Check: dependencies in R code
Result: NOTE Namespace in Imports field not imported from: ‘magrittr’ All declared Imports should be used. Flavors: r-devel-linux-x86_64-fedora-clang, r-devel-linux-x86_64-fedora-gcc, r-oldrel-macos-arm64