CRAN Package Check Results for Package RLumShiny

Last updated on 2020-05-29 10:47:32 CEST.

Flavor Version Tinstall Tcheck Ttotal Status Flags
r-devel-linux-x86_64-debian-clang 0.2.2 10.02 83.79 93.81 OK
r-devel-linux-x86_64-debian-gcc 0.2.2 8.42 62.73 71.15 OK
r-devel-linux-x86_64-fedora-clang 0.2.2 115.03 NOTE
r-devel-linux-x86_64-fedora-gcc 0.2.2 108.44 NOTE
r-devel-windows-ix86+x86_64 0.2.2 29.00 116.00 145.00 OK
r-patched-linux-x86_64 0.2.2 9.84 81.84 91.68 OK
r-patched-solaris-x86 0.2.2 157.50 NOTE
r-release-linux-x86_64 0.2.2 9.71 81.22 90.93 OK
r-release-osx-x86_64 0.2.2 NOTE
r-release-windows-ix86+x86_64 0.2.2 23.00 98.00 121.00 OK
r-oldrel-osx-x86_64 0.2.2 NOTE
r-oldrel-windows-ix86+x86_64 0.2.2 20.00 90.00 110.00 OK

Check Details

Version: 0.2.2
Check: dependencies in R code
Result: NOTE
    Namespaces in Imports field not imported from:
     ‘RCarb’ ‘rmarkdown’ ‘shinyjs’
     All declared Imports should be used.
Flavors: r-devel-linux-x86_64-fedora-clang, r-devel-linux-x86_64-fedora-gcc, r-patched-solaris-x86, r-release-osx-x86_64, r-oldrel-osx-x86_64