CRAN Package Check Results for Package RLumShiny

Last updated on 2019-11-15 09:52:56 CET.

Flavor Version Tinstall Tcheck Ttotal Status Flags
r-devel-linux-x86_64-debian-clang 0.2.2 9.12 78.05 87.17 OK
r-devel-linux-x86_64-debian-gcc 0.2.2 8.00 57.70 65.70 OK
r-devel-linux-x86_64-fedora-clang 0.2.2 101.30 NOTE
r-devel-linux-x86_64-fedora-gcc 0.2.2 96.59 NOTE
r-devel-windows-ix86+x86_64 0.2.2 30.00 115.00 145.00 OK
r-patched-linux-x86_64 0.2.2 9.06 71.48 80.54 OK
r-patched-solaris-x86 0.2.2 147.60 NOTE
r-release-linux-x86_64 0.2.2 9.90 71.08 80.98 OK
r-release-windows-ix86+x86_64 0.2.2 16.00 109.00 125.00 OK
r-release-osx-x86_64 0.2.2 NOTE
r-oldrel-windows-ix86+x86_64 0.2.2 12.00 115.00 127.00 OK
r-oldrel-osx-x86_64 0.2.2 NOTE

Check Details

Version: 0.2.2
Check: dependencies in R code
Result: NOTE
    Namespaces in Imports field not imported from:
     ‘RCarb’ ‘rmarkdown’ ‘shinyjs’
     All declared Imports should be used.
Flavors: r-devel-linux-x86_64-fedora-clang, r-devel-linux-x86_64-fedora-gcc, r-patched-solaris-x86, r-release-osx-x86_64, r-oldrel-osx-x86_64