CRAN Package Check Results for Package RLumCarlo

Last updated on 2021-09-20 20:49:04 CEST.

Flavor Version Tinstall Tcheck Ttotal Status Flags
r-devel-linux-x86_64-debian-clang 0.1.7 198.25 50.34 248.59 OK
r-devel-linux-x86_64-debian-gcc 0.1.7 114.53 38.44 152.97 OK
r-devel-linux-x86_64-fedora-clang 0.1.7 338.74 OK
r-devel-linux-x86_64-fedora-gcc 0.1.7 289.47 OK
r-devel-windows-x86_64 0.1.7 159.00 64.00 223.00 OK
r-devel-windows-x86_64-gcc10-UCRT 0.1.7 ERROR
r-patched-linux-x86_64 0.1.7 152.70 48.00 200.70 OK
r-patched-solaris-x86 0.1.7 286.80 OK
r-release-linux-x86_64 0.1.7 134.96 47.25 182.21 OK
r-release-macos-arm64 0.1.7 OK
r-release-macos-x86_64 0.1.7 OK
r-release-windows-ix86+x86_64 0.1.7 429.00 112.00 541.00 OK
r-oldrel-macos-x86_64 0.1.7 OK
r-oldrel-windows-ix86+x86_64 0.1.7 424.00 91.00 515.00 OK

Check Details

Version: 0.1.7
Check: whether package can be installed
Result: ERROR
    Installation failed.
Flavor: r-devel-windows-x86_64-gcc10-UCRT