CRAN Package Check Results for Package RKelly

Last updated on 2021-12-05 07:49:21 CET.

Flavor Version Tinstall Tcheck Ttotal Status Flags
r-devel-linux-x86_64-debian-clang 1.0 2.00 31.45 33.45 NOTE
r-devel-linux-x86_64-debian-gcc 1.0 1.43 25.47 26.90 NOTE
r-devel-linux-x86_64-fedora-clang 1.0 43.75 NOTE
r-devel-linux-x86_64-fedora-gcc 1.0 32.00 NOTE
r-devel-windows-x86_64-new-UL 1.0 9.00 60.00 69.00 NOTE
r-devel-windows-x86_64-new-TK 1.0 NOTE
r-devel-windows-x86_64-old 1.0 4.00 34.00 38.00 NOTE
r-patched-linux-x86_64 1.0 1.76 22.15 23.91 NOTE
r-release-linux-x86_64 1.0 1.38 30.21 31.59 NOTE
r-release-macos-arm64 1.0 NOTE
r-release-macos-x86_64 1.0 NOTE
r-release-windows-ix86+x86_64 1.0 5.00 39.00 44.00 NOTE
r-oldrel-macos-x86_64 1.0 OK
r-oldrel-windows-ix86+x86_64 1.0 7.00 43.00 50.00 OK

Check Details

Version: 1.0
Check: LazyData
Result: NOTE
     'LazyData' is specified without a 'data' directory
Flavors: r-devel-linux-x86_64-debian-clang, r-devel-linux-x86_64-debian-gcc, r-devel-linux-x86_64-fedora-clang, r-devel-linux-x86_64-fedora-gcc, r-devel-windows-x86_64-new-UL, r-devel-windows-x86_64-new-TK, r-devel-windows-x86_64-old, r-patched-linux-x86_64, r-release-linux-x86_64, r-release-macos-arm64, r-release-macos-x86_64, r-release-windows-ix86+x86_64