CRAN Package Check Results for Package RJDemetra

Last updated on 2024-02-29 19:12:32 CET.

Flavor Version Tinstall Tcheck Ttotal Status Flags
r-devel-linux-x86_64-debian-clang 0.2.5 10.98 99.90 110.88 OK
r-devel-linux-x86_64-debian-gcc 0.2.5 10.43 72.89 83.32 OK
r-devel-linux-x86_64-fedora-clang 0.2.5 135.31 NOTE
r-devel-linux-x86_64-fedora-gcc 0.2.5 134.89 OK
r-devel-windows-x86_64 0.2.5 10.00 91.00 101.00 NOTE
r-patched-linux-x86_64 0.2.5 13.62 97.90 111.52 OK
r-release-linux-x86_64 0.2.5 10.84 96.56 107.40 OK
r-release-macos-arm64 0.2.5 47.00 NOTE
r-release-macos-x86_64 0.2.5 118.00 NOTE
r-release-windows-x86_64 0.2.5 10.00 104.00 114.00 NOTE
r-oldrel-macos-arm64 0.2.5 45.00 NOTE
r-oldrel-windows-x86_64 0.2.5 17.00 97.00 114.00 NOTE

Check Details

Version: 0.2.5
Check: installed package size
Result: NOTE installed size is 5.1Mb sub-directories of 1Mb or more: java 4.2Mb Flavors: r-devel-linux-x86_64-fedora-clang, r-devel-windows-x86_64, r-release-macos-arm64, r-release-macos-x86_64, r-release-windows-x86_64, r-oldrel-macos-arm64, r-oldrel-windows-x86_64