CRAN Package Check Results for Package RJDBC

Last updated on 2024-03-02 19:50:28 CET.

Flavor Version Tinstall Tcheck Ttotal Status Flags
r-devel-linux-x86_64-debian-clang 0.2-10 4.81 46.94 51.75 NOTE
r-devel-linux-x86_64-debian-gcc 0.2-10 4.70 35.45 40.15 NOTE
r-devel-linux-x86_64-fedora-clang 0.2-10 64.76 NOTE
r-devel-linux-x86_64-fedora-gcc 0.2-10 61.49 NOTE
r-devel-windows-x86_64 0.2-10 6.00 58.00 64.00 OK
r-patched-linux-x86_64 0.2-10 4.24 45.49 49.73 OK
r-release-linux-x86_64 0.2-10 5.47 45.50 50.97 OK
r-release-macos-arm64 0.2-10 23.00 OK
r-release-macos-x86_64 0.2-10 33.00 OK
r-release-windows-x86_64 0.2-10 6.00 61.00 67.00 OK
r-oldrel-macos-arm64 0.2-10 22.00 OK
r-oldrel-windows-x86_64 0.2-10 10.00 65.00 75.00 OK

Check Details

Version: 0.2-10
Check: DESCRIPTION meta-information
Result: NOTE License stub is invalid DCF. Flavors: r-devel-linux-x86_64-debian-clang, r-devel-linux-x86_64-debian-gcc, r-devel-linux-x86_64-fedora-clang, r-devel-linux-x86_64-fedora-gcc