Last updated on 2023-09-23 20:53:14 CEST.
Flavor | Version | Tinstall | Tcheck | Ttotal | Status | Flags |
---|---|---|---|---|---|---|
r-devel-linux-x86_64-debian-clang | 0.1.2 | 9.96 | 87.01 | 96.97 | NOTE | |
r-devel-linux-x86_64-debian-gcc | 0.1.2 | 8.06 | 74.90 | 82.96 | NOTE | |
r-devel-linux-x86_64-fedora-clang | 0.1.2 | 120.25 | NOTE | |||
r-devel-linux-x86_64-fedora-gcc | 0.1.2 | 134.22 | NOTE | |||
r-devel-windows-x86_64 | 0.1.2 | 9.00 | 80.00 | 89.00 | NOTE | |
r-patched-linux-x86_64 | 0.1.2 | 14.32 | 83.78 | 98.10 | NOTE | |
r-release-linux-x86_64 | 0.1.2 | 7.46 | 85.47 | 92.93 | NOTE | |
r-release-macos-arm64 | 0.1.2 | 39.00 | NOTE | |||
r-release-macos-x86_64 | 0.1.2 | 61.00 | NOTE | |||
r-release-windows-x86_64 | 0.1.2 | 12.00 | 91.00 | 103.00 | NOTE | |
r-oldrel-macos-arm64 | 0.1.2 | 36.00 | NOTE | |||
r-oldrel-macos-x86_64 | 0.1.2 | 58.00 | NOTE | |||
r-oldrel-windows-x86_64 | 0.1.2 | 12.00 | 97.00 | 109.00 | NOTE |
Version: 0.1.2
Check: LazyData
Result: NOTE
'LazyData' is specified without a 'data' directory
Flavors: r-devel-linux-x86_64-debian-clang, r-devel-linux-x86_64-debian-gcc, r-devel-linux-x86_64-fedora-clang, r-devel-linux-x86_64-fedora-gcc, r-devel-windows-x86_64, r-patched-linux-x86_64, r-release-linux-x86_64, r-release-macos-arm64, r-release-macos-x86_64, r-release-windows-x86_64, r-oldrel-macos-arm64, r-oldrel-macos-x86_64, r-oldrel-windows-x86_64