Last updated on 2023-03-29 08:53:50 CEST.
Flavor | Version | Tinstall | Tcheck | Ttotal | Status | Flags |
---|---|---|---|---|---|---|
r-devel-linux-x86_64-debian-clang | 1.3 | 19.26 | 34.61 | 53.87 | OK | |
r-devel-linux-x86_64-debian-gcc | 1.3 | 17.43 | 27.16 | 44.59 | OK | |
r-devel-linux-x86_64-fedora-clang | 1.3 | 78.12 | NOTE | |||
r-devel-linux-x86_64-fedora-gcc | 1.3 | 74.09 | NOTE | |||
r-devel-windows-x86_64 | 1.3 | 27.00 | 0.00 | 27.00 | OK | |
r-patched-linux-x86_64 | 1.3 | 17.53 | 33.95 | 51.48 | OK | |
r-release-linux-x86_64 | 1.3 | 16.33 | 35.38 | 51.71 | OK | |
r-release-macos-arm64 | 1.3 | 22.00 | OK | |||
r-release-macos-x86_64 | 1.3 | 34.00 | OK | |||
r-release-windows-x86_64 | 1.3 | 26.00 | 94.00 | 120.00 | OK | |
r-oldrel-macos-arm64 | 1.3 | 26.00 | OK | |||
r-oldrel-macos-x86_64 | 1.3 | 47.00 | OK | |||
r-oldrel-windows-ix86+x86_64 | 1.3 | 48.00 | 93.00 | 141.00 | OK |
Version: 1.3
Check: compiled code
Result: NOTE
File ‘RI2by2/libs/RI2by2.so’:
Found no calls to: ‘R_registerRoutines’, ‘R_useDynamicSymbols’
It is good practice to register native routines and to disable symbol
search.
See ‘Writing portable packages’ in the ‘Writing R Extensions’ manual.
Flavors: r-devel-linux-x86_64-fedora-clang, r-devel-linux-x86_64-fedora-gcc