CRAN Package Check Results for Package RHybridFinder

Last updated on 2021-09-23 08:51:18 CEST.

Flavor Version Tinstall Tcheck Ttotal Status Flags
r-devel-linux-x86_64-debian-clang 0.2.0 8.65 41.68 50.33 OK
r-devel-linux-x86_64-debian-gcc 0.2.0 8.83 32.26 41.09 OK
r-devel-linux-x86_64-fedora-clang 0.2.0 73.09 OK
r-devel-linux-x86_64-fedora-gcc 0.2.0 61.84 OK
r-devel-windows-x86_64 0.2.0 12.00 44.00 56.00 OK
r-devel-windows-x86_64-gcc10-UCRT 0.2.0 ERROR
r-patched-linux-x86_64 0.2.0 11.15 39.73 50.88 OK
r-patched-solaris-x86 0.2.0 103.10 OK
r-release-linux-x86_64 0.2.0 10.73 39.74 50.47 OK
r-release-macos-arm64 0.2.0 OK
r-release-macos-x86_64 0.2.0 OK
r-release-windows-ix86+x86_64 0.2.0 16.00 56.00 72.00 OK
r-oldrel-macos-x86_64 0.2.0 OK
r-oldrel-windows-ix86+x86_64 0.2.0 14.00 43.00 57.00 OK

Check Details

Version: 0.2.0
Check: PDF version of manual
Result: WARN
    LaTeX errors when creating PDF version.
    This typically indicates Rd problems.
Flavor: r-devel-windows-x86_64-gcc10-UCRT

Version: 0.2.0
Check: PDF version of manual without hyperrefs or index
Result: ERROR
    Re-running with no redirection of stdout/stderr.
Flavor: r-devel-windows-x86_64-gcc10-UCRT