CRAN Package Check Results for Package RHRV

Last updated on 2022-10-05 10:51:51 CEST.

Flavor Version Tinstall Tcheck Ttotal Status Flags
r-devel-linux-x86_64-debian-clang 4.2.6 18.76 153.92 172.68 OK
r-devel-linux-x86_64-debian-gcc 4.2.6 14.68 112.76 127.44 OK
r-devel-linux-x86_64-fedora-clang 4.2.6 222.41 WARN
r-devel-linux-x86_64-fedora-gcc 4.2.6 218.76 OK
r-devel-windows-x86_64 4.2.6 50.00 189.00 239.00 OK
r-patched-linux-x86_64 4.2.6 26.03 140.52 166.55 OK
r-release-linux-x86_64 4.2.6 13.39 140.68 154.07 OK
r-release-macos-arm64 4.2.6 53.00 OK
r-release-macos-x86_64 4.2.6 94.00 OK
r-release-windows-x86_64 4.2.6 53.00 178.00 231.00 OK
r-oldrel-macos-arm64 4.2.6 55.00 OK
r-oldrel-macos-x86_64 4.2.6 82.00 OK
r-oldrel-windows-ix86+x86_64 4.2.6 42.00 214.00 256.00 OK

Check Details

Version: 4.2.6
Check: whether package can be installed
Result: WARN
    Found the following significant warnings:
     filterhr.c:7:28: warning: a function declaration without a prototype is deprecated in all versions of C [-Wstrict-prototypes]
Flavor: r-devel-linux-x86_64-fedora-clang

Version: 4.2.6
Check: Rd cross-references
Result: NOTE
    Undeclared packages ‘tseries’, ‘TSA’ in Rd xrefs
Flavor: r-devel-linux-x86_64-fedora-clang