Last updated on 2022-07-04 21:49:51 CEST.
Flavor | Version | Tinstall | Tcheck | Ttotal | Status | Flags |
---|---|---|---|---|---|---|
r-devel-linux-x86_64-debian-clang | 0.2.4 | 6.40 | 48.54 | 54.94 | OK | |
r-devel-linux-x86_64-debian-gcc | 0.2.4 | 4.30 | 36.72 | 41.02 | OK | |
r-devel-linux-x86_64-fedora-clang | 0.2.4 | 73.96 | NOTE | |||
r-devel-linux-x86_64-fedora-gcc | 0.2.4 | 73.73 | OK | |||
r-devel-windows-x86_64 | 0.2.4 | 19.00 | 72.00 | 91.00 | OK | |
r-patched-linux-x86_64 | 0.2.4 | 9.33 | 46.68 | 56.01 | OK | |
r-release-linux-x86_64 | 0.2.4 | 6.47 | 46.37 | 52.84 | OK | |
r-release-macos-arm64 | 0.2.4 | 22.00 | OK | |||
r-release-macos-x86_64 | 0.2.4 | 33.00 | OK | |||
r-release-windows-x86_64 | 0.2.4 | 21.00 | 72.00 | 93.00 | OK | |
r-oldrel-macos-arm64 | 0.2.4 | 33.00 | OK | |||
r-oldrel-macos-x86_64 | 0.2.4 | 47.00 | OK | |||
r-oldrel-windows-ix86+x86_64 | 0.2.4 | 15.00 | 67.00 | 82.00 | OK |
Version: 0.2.4
Check: Rd cross-references
Result: NOTE
Undeclared package ‘DBI’ in Rd xrefs
Flavor: r-devel-linux-x86_64-fedora-clang