CRAN Package Check Results for Package RGoogleFit

Last updated on 2022-10-05 10:51:51 CEST.

Flavor Version Tinstall Tcheck Ttotal Status Flags
r-devel-linux-x86_64-debian-clang 0.4.0 3.60 33.88 37.48 NOTE
r-devel-linux-x86_64-debian-gcc 0.4.0 2.25 26.35 28.60 NOTE
r-devel-linux-x86_64-fedora-clang 0.4.0 58.69 NOTE
r-devel-linux-x86_64-fedora-gcc 0.4.0 53.11 NOTE
r-devel-windows-x86_64 0.4.0 16.00 58.00 74.00 NOTE
r-patched-linux-x86_64 0.4.0 2.71 32.70 35.41 NOTE
r-release-linux-x86_64 0.4.0 3.08 32.85 35.93 NOTE
r-release-macos-arm64 0.4.0 19.00 NOTE
r-release-macos-x86_64 0.4.0 26.00 NOTE
r-release-windows-x86_64 0.4.0 10.00 57.00 67.00 NOTE
r-oldrel-macos-arm64 0.4.0 22.00 NOTE
r-oldrel-macos-x86_64 0.4.0 29.00 NOTE
r-oldrel-windows-ix86+x86_64 0.4.0 8.00 60.00 68.00 NOTE

Check Details

Version: 0.4.0
Check: LazyData
Result: NOTE
     'LazyData' is specified without a 'data' directory
Flavors: r-devel-linux-x86_64-debian-clang, r-devel-linux-x86_64-debian-gcc, r-devel-linux-x86_64-fedora-clang, r-devel-linux-x86_64-fedora-gcc, r-devel-windows-x86_64, r-patched-linux-x86_64, r-release-linux-x86_64, r-release-macos-arm64, r-release-macos-x86_64, r-release-windows-x86_64, r-oldrel-macos-arm64, r-oldrel-macos-x86_64, r-oldrel-windows-ix86+x86_64