CRAN Package Check Results for Package RDieHarder

Last updated on 2020-10-21 08:49:24 CEST.

Flavor Version Tinstall Tcheck Ttotal Status Flags
r-devel-linux-x86_64-debian-clang 0.2.1 35.12 31.27 66.39 OK
r-devel-linux-x86_64-debian-gcc 0.2.1 31.37 24.74 56.11 WARN
r-devel-linux-x86_64-fedora-clang 0.2.1 92.96 OK
r-devel-linux-x86_64-fedora-gcc 0.2.1 98.62 WARN
r-devel-windows-ix86+x86_64 0.2.1 98.00 59.00 157.00 WARN
r-patched-linux-x86_64 0.2.1 42.09 30.14 72.23 WARN
r-release-linux-x86_64 0.2.1 44.03 30.38 74.41 WARN
r-release-macos-x86_64 0.2.1 ERROR
r-release-windows-ix86+x86_64 0.2.1 92.00 61.00 153.00 WARN
r-oldrel-macos-x86_64 0.2.1 OK
r-oldrel-windows-ix86+x86_64 0.2.1 141.00 95.00 236.00 WARN

Additional issues

clang-ASAN

Check Details

Version: 0.2.1
Check: whether package can be installed
Result: WARN
    Found the following significant warnings:
     bits.c:1247:23: warning: array subscript 8 is outside array bounds of ‘unsigned int[1]’ [-Warray-bounds]
     bits.c:1265:18: warning: array subscript 9 is outside array bounds of ‘unsigned int[1]’ [-Warray-bounds]
Flavors: r-devel-linux-x86_64-debian-gcc, r-devel-linux-x86_64-fedora-gcc, r-patched-linux-x86_64, r-release-linux-x86_64

Version: 0.2.1
Check: whether package can be installed
Result: WARN
    Found the following significant warnings:
     skein_block64.c:226:39: warning: cast from pointer to integer of different size [-Wpointer-to-int-cast]
Flavors: r-devel-windows-ix86+x86_64, r-release-windows-ix86+x86_64, r-oldrel-windows-ix86+x86_64

Version: 0.2.1
Check: whether package can be installed
Result: ERROR
    Installation failed.
Flavor: r-release-macos-x86_64