Last updated on 2021-01-26 07:50:25 CET.
Flavor | Version | Tinstall | Tcheck | Ttotal | Status | Flags |
---|---|---|---|---|---|---|
r-devel-linux-x86_64-debian-clang | 1.1 | 3.43 | 31.86 | 35.29 | NOTE | |
r-devel-linux-x86_64-debian-gcc | 1.1 | 2.51 | 25.49 | 28.00 | NOTE | |
r-devel-linux-x86_64-fedora-clang | 1.1 | 51.99 | NOTE | |||
r-devel-linux-x86_64-fedora-gcc | 1.1 | 41.08 | NOTE | |||
r-devel-windows-ix86+x86_64 | 1.1 | 8.00 | 54.00 | 62.00 | NOTE | |
r-patched-linux-x86_64 | 1.1 | 3.11 | 30.62 | 33.73 | NOTE | |
r-patched-solaris-x86 | 1.1 | 63.60 | NOTE | |||
r-release-linux-x86_64 | 1.1 | 2.91 | 30.79 | 33.70 | NOTE | |
r-release-macos-x86_64 | 1.1 | NOTE | ||||
r-release-windows-ix86+x86_64 | 1.1 | 8.00 | 42.00 | 50.00 | NOTE | |
r-oldrel-macos-x86_64 | 1.1 | NOTE | ||||
r-oldrel-windows-ix86+x86_64 | 1.1 | 6.00 | 48.00 | 54.00 | NOTE |
Version: 1.1
Check: R code for possible problems
Result: NOTE
ip2coordinates: no visible global function definition for 'URLencode'
street2coordinates: no visible global function definition for
'URLencode'
Undefined global functions or variables:
URLencode
Consider adding
importFrom("utils", "URLencode")
to your NAMESPACE file.
Flavors: r-devel-linux-x86_64-debian-clang, r-devel-linux-x86_64-debian-gcc, r-devel-linux-x86_64-fedora-clang, r-devel-linux-x86_64-fedora-gcc, r-devel-windows-ix86+x86_64, r-patched-linux-x86_64, r-patched-solaris-x86, r-release-linux-x86_64, r-release-macos-x86_64, r-release-windows-ix86+x86_64, r-oldrel-macos-x86_64, r-oldrel-windows-ix86+x86_64